{"id":387,"date":"2024-11-10T18:57:20","date_gmt":"2024-11-10T17:57:20","guid":{"rendered":"https:\/\/eclat-animalier.fr\/?page_id=387"},"modified":"2025-02-20T21:50:30","modified_gmt":"2025-02-20T20:50:30","slug":"koala-bienvenue-sur-le-site-eclat-animalier-portrait-animal-animalier-dessin-esquisse-fusain-sanguine-feutres-crayon-de-papier-crayon-pierre-noire-art-fait-main-oeuvre-unique-felin-gorille-ch","status":"publish","type":"page","link":"https:\/\/eclat-animalier.fr\/index.php\/koala-bienvenue-sur-le-site-eclat-animalier-portrait-animal-animalier-dessin-esquisse-fusain-sanguine-feutres-crayon-de-papier-crayon-pierre-noire-art-fait-main-oeuvre-unique-felin-gorille-ch\/","title":{"rendered":"Koala"},"content":{"rendered":"\t\t<div data-elementor-type=\"wp-page\" data-elementor-id=\"387\" class=\"elementor elementor-387\">\n\t\t\t\t<div class=\"elementor-element elementor-element-3fd1a4e e-flex e-con-boxed e-con e-parent\" data-id=\"3fd1a4e\" data-element_type=\"container\" data-e-type=\"container\">\n\t\t\t\t\t<div class=\"e-con-inner\">\n\t\t\t\t<div class=\"elementor-element elementor-element-dae61e9 elementor-widget elementor-widget-image\" data-id=\"dae61e9\" data-element_type=\"widget\" data-e-type=\"widget\" data-widget_type=\"image.default\">\n\t\t\t\t<div class=\"elementor-widget-container\">\n\t\t\t\t\t\t\t\t\t\t\t\t\t\t\t<img fetchpriority=\"high\" decoding=\"async\" width=\"766\" height=\"1024\" src=\"https:\/\/eclat-animalier.fr\/wp-content\/uploads\/2024\/11\/koala-au-fusain-766x1024.jpg\" class=\"attachment-large size-large wp-image-401\" alt=\"\" srcset=\"https:\/\/eclat-animalier.fr\/wp-content\/uploads\/2024\/11\/koala-au-fusain-766x1024.jpg 766w, https:\/\/eclat-animalier.fr\/wp-content\/uploads\/2024\/11\/koala-au-fusain-224x300.jpg 224w, https:\/\/eclat-animalier.fr\/wp-content\/uploads\/2024\/11\/koala-au-fusain-768x1027.jpg 768w, https:\/\/eclat-animalier.fr\/wp-content\/uploads\/2024\/11\/koala-au-fusain.jpg 957w\" sizes=\"(max-width: 766px) 100vw, 766px\" \/>\t\t\t\t\t\t\t\t\t\t\t\t\t\t\t<\/div>\n\t\t\t\t<\/div>\n\t\t\t\t<div class=\"elementor-element elementor-element-53f4514 elementor-widget elementor-widget-text-editor\" data-id=\"53f4514\" data-element_type=\"widget\" data-e-type=\"widget\" data-widget_type=\"text-editor.default\">\n\t\t\t\t<div class=\"elementor-widget-container\">\n\t\t\t\t\t\t\t\t\t<p>Koala r\u00e9alis\u00e9 au fusain.<\/p><p>Papier \u00e0 dessin blanc, 130 g\/m\u00b2<\/p><p>Format A4 (21 X 29,7 cm)<\/p>\t\t\t\t\t\t\t\t<\/div>\n\t\t\t\t<\/div>\n\t\t\t\t\t<\/div>\n\t\t\t\t<\/div>\n\t\t<div class=\"elementor-element elementor-element-52f2bb5 e-flex e-con-boxed e-con e-parent\" data-id=\"52f2bb5\" data-element_type=\"container\" data-e-type=\"container\">\n\t\t\t\t\t<div class=\"e-con-inner\">\n\t\t\t\t<div class=\"elementor-element elementor-element-7877a43 elementor-button-info elementor-align-center elementor-invisible elementor-widget elementor-widget-button\" data-id=\"7877a43\" data-element_type=\"widget\" data-e-type=\"widget\" data-settings=\"{&quot;_animation&quot;:&quot;fadeInUp&quot;}\" data-widget_type=\"button.default\">\n\t\t\t\t<div class=\"elementor-widget-container\">\n\t\t\t\t\t\t\t\t\t<div class=\"elementor-button-wrapper\">\n\t\t\t\t\t<a class=\"elementor-button elementor-button-link elementor-size-sm elementor-animation-grow\" href=\"mailto:cc@eclat-animalier.fr\">\n\t\t\t\t\t\t<span class=\"elementor-button-content-wrapper\">\n\t\t\t\t\t\t\t\t\t<span class=\"elementor-button-text\">Si vous souhaitez me contacter par mail c'est ici<\/span>\n\t\t\t\t\t<\/span>\n\t\t\t\t\t<\/a>\n\t\t\t\t<\/div>\n\t\t\t\t\t\t\t\t<\/div>\n\t\t\t\t<\/div>\n\t\t\t\t\t<\/div>\n\t\t\t\t<\/div>\n\t\t<div class=\"elementor-element elementor-element-68743c4 e-flex e-con-boxed e-con e-parent\" data-id=\"68743c4\" data-element_type=\"container\" data-e-type=\"container\">\n\t\t\t\t\t<div class=\"e-con-inner\">\n\t\t\t\t<div class=\"elementor-element elementor-element-3921a69 elementor-button-info elementor-align-center elementor-invisible elementor-widget elementor-widget-button\" data-id=\"3921a69\" data-element_type=\"widget\" data-e-type=\"widget\" data-settings=\"{&quot;_animation&quot;:&quot;fadeInUp&quot;}\" data-widget_type=\"button.default\">\n\t\t\t\t<div class=\"elementor-widget-container\">\n\t\t\t\t\t\t\t\t\t<div class=\"elementor-button-wrapper\">\n\t\t\t\t\t<a class=\"elementor-button elementor-button-link elementor-size-sm elementor-animation-grow\" href=\"https:\/\/www.etsy.com\/shop\/Eclatanimalier\">\n\t\t\t\t\t\t<span class=\"elementor-button-content-wrapper\">\n\t\t\t\t\t\t\t\t\t<span class=\"elementor-button-text\">Si vous souhaitez acheter l'une de mes productions, cliquez ici <\/span>\n\t\t\t\t\t<\/span>\n\t\t\t\t\t<\/a>\n\t\t\t\t<\/div>\n\t\t\t\t\t\t\t\t<\/div>\n\t\t\t\t<\/div>\n\t\t\t\t\t<\/div>\n\t\t\t\t<\/div>\n\t\t\t\t<\/div>\n\t\t","protected":false},"excerpt":{"rendered":"<p>Koala r\u00e9alis\u00e9 au fusain. Papier \u00e0 dessin blanc, 130 g\/m\u00b2 Format A4 (21 X 29,7 cm) Si vous souhaitez me contacter par mail c&rsquo;est ici Si vous souhaitez acheter l&rsquo;une de mes productions, cliquez ici<\/p>\n","protected":false},"author":1,"featured_media":0,"parent":0,"menu_order":0,"comment_status":"closed","ping_status":"closed","template":"elementor_header_footer","meta":{"footnotes":""},"class_list":["post-387","page","type-page","status-publish","hentry","entry"],"yoast_head":"<!-- This site is optimized with the Yoast SEO plugin v27.3 - https:\/\/yoast.com\/product\/yoast-seo-wordpress\/ -->\n<title>Dessin animalier<\/title>\n<meta name=\"description\" content=\"D\u00e9couvrez des \u0153uvres uniques de portraits animaliers faits main: des dessins, des esquisses au fusain, aux feutres polychromes, au pastel...\" \/>\n<meta name=\"robots\" content=\"index, follow, max-snippet:-1, max-image-preview:large, max-video-preview:-1\" \/>\n<link rel=\"canonical\" href=\"https:\/\/eclat-animalier.fr\/index.php\/koala-bienvenue-sur-le-site-eclat-animalier-portrait-animal-animalier-dessin-esquisse-fusain-sanguine-feutres-crayon-de-papier-crayon-pierre-noire-art-fait-main-oeuvre-unique-felin-gorille-ch\/\" \/>\n<meta property=\"og:locale\" content=\"fr_FR\" \/>\n<meta property=\"og:type\" content=\"article\" \/>\n<meta property=\"og:title\" content=\"Dessin animalier\" \/>\n<meta property=\"og:description\" content=\"D\u00e9couvrez des \u0153uvres uniques de portraits animaliers faits main: des dessins, des esquisses au fusain, aux feutres polychromes, au pastel...\" \/>\n<meta property=\"og:url\" content=\"https:\/\/eclat-animalier.fr\/index.php\/koala-bienvenue-sur-le-site-eclat-animalier-portrait-animal-animalier-dessin-esquisse-fusain-sanguine-feutres-crayon-de-papier-crayon-pierre-noire-art-fait-main-oeuvre-unique-felin-gorille-ch\/\" \/>\n<meta property=\"og:site_name\" content=\"ECLAT ANIMALIER\" \/>\n<meta property=\"article:modified_time\" content=\"2025-02-20T20:50:30+00:00\" \/>\n<meta property=\"og:image\" content=\"https:\/\/eclat-animalier.fr\/wp-content\/uploads\/2024\/11\/koala-au-fusain-766x1024.jpg\" \/>\n<meta name=\"twitter:card\" content=\"summary_large_image\" \/>\n<meta name=\"twitter:label1\" content=\"Dur\u00e9e de lecture estim\u00e9e\" \/>\n\t<meta name=\"twitter:data1\" content=\"1 minute\" \/>\n<script type=\"application\/ld+json\" class=\"yoast-schema-graph\">{\"@context\":\"https:\\\/\\\/schema.org\",\"@graph\":[{\"@type\":\"WebPage\",\"@id\":\"https:\\\/\\\/eclat-animalier.fr\\\/index.php\\\/koala-bienvenue-sur-le-site-eclat-animalier-portrait-animal-animalier-dessin-esquisse-fusain-sanguine-feutres-crayon-de-papier-crayon-pierre-noire-art-fait-main-oeuvre-unique-felin-gorille-ch\\\/\",\"url\":\"https:\\\/\\\/eclat-animalier.fr\\\/index.php\\\/koala-bienvenue-sur-le-site-eclat-animalier-portrait-animal-animalier-dessin-esquisse-fusain-sanguine-feutres-crayon-de-papier-crayon-pierre-noire-art-fait-main-oeuvre-unique-felin-gorille-ch\\\/\",\"name\":\"Dessin animalier\",\"isPartOf\":{\"@id\":\"https:\\\/\\\/eclat-animalier.fr\\\/#website\"},\"primaryImageOfPage\":{\"@id\":\"https:\\\/\\\/eclat-animalier.fr\\\/index.php\\\/koala-bienvenue-sur-le-site-eclat-animalier-portrait-animal-animalier-dessin-esquisse-fusain-sanguine-feutres-crayon-de-papier-crayon-pierre-noire-art-fait-main-oeuvre-unique-felin-gorille-ch\\\/#primaryimage\"},\"image\":{\"@id\":\"https:\\\/\\\/eclat-animalier.fr\\\/index.php\\\/koala-bienvenue-sur-le-site-eclat-animalier-portrait-animal-animalier-dessin-esquisse-fusain-sanguine-feutres-crayon-de-papier-crayon-pierre-noire-art-fait-main-oeuvre-unique-felin-gorille-ch\\\/#primaryimage\"},\"thumbnailUrl\":\"https:\\\/\\\/eclat-animalier.fr\\\/wp-content\\\/uploads\\\/2024\\\/11\\\/koala-au-fusain-766x1024.jpg\",\"datePublished\":\"2024-11-10T17:57:20+00:00\",\"dateModified\":\"2025-02-20T20:50:30+00:00\",\"description\":\"D\u00e9couvrez des \u0153uvres uniques de portraits animaliers faits main: des dessins, des esquisses au fusain, aux feutres polychromes, au pastel...\",\"breadcrumb\":{\"@id\":\"https:\\\/\\\/eclat-animalier.fr\\\/index.php\\\/koala-bienvenue-sur-le-site-eclat-animalier-portrait-animal-animalier-dessin-esquisse-fusain-sanguine-feutres-crayon-de-papier-crayon-pierre-noire-art-fait-main-oeuvre-unique-felin-gorille-ch\\\/#breadcrumb\"},\"inLanguage\":\"fr-FR\",\"potentialAction\":[{\"@type\":\"ReadAction\",\"target\":[\"https:\\\/\\\/eclat-animalier.fr\\\/index.php\\\/koala-bienvenue-sur-le-site-eclat-animalier-portrait-animal-animalier-dessin-esquisse-fusain-sanguine-feutres-crayon-de-papier-crayon-pierre-noire-art-fait-main-oeuvre-unique-felin-gorille-ch\\\/\"]}]},{\"@type\":\"ImageObject\",\"inLanguage\":\"fr-FR\",\"@id\":\"https:\\\/\\\/eclat-animalier.fr\\\/index.php\\\/koala-bienvenue-sur-le-site-eclat-animalier-portrait-animal-animalier-dessin-esquisse-fusain-sanguine-feutres-crayon-de-papier-crayon-pierre-noire-art-fait-main-oeuvre-unique-felin-gorille-ch\\\/#primaryimage\",\"url\":\"https:\\\/\\\/eclat-animalier.fr\\\/wp-content\\\/uploads\\\/2024\\\/11\\\/koala-au-fusain.jpg\",\"contentUrl\":\"https:\\\/\\\/eclat-animalier.fr\\\/wp-content\\\/uploads\\\/2024\\\/11\\\/koala-au-fusain.jpg\",\"width\":957,\"height\":1280},{\"@type\":\"BreadcrumbList\",\"@id\":\"https:\\\/\\\/eclat-animalier.fr\\\/index.php\\\/koala-bienvenue-sur-le-site-eclat-animalier-portrait-animal-animalier-dessin-esquisse-fusain-sanguine-feutres-crayon-de-papier-crayon-pierre-noire-art-fait-main-oeuvre-unique-felin-gorille-ch\\\/#breadcrumb\",\"itemListElement\":[{\"@type\":\"ListItem\",\"position\":1,\"name\":\"Accueil\",\"item\":\"https:\\\/\\\/eclat-animalier.fr\\\/\"},{\"@type\":\"ListItem\",\"position\":2,\"name\":\"Koala\"}]},{\"@type\":\"WebSite\",\"@id\":\"https:\\\/\\\/eclat-animalier.fr\\\/#website\",\"url\":\"https:\\\/\\\/eclat-animalier.fr\\\/\",\"name\":\"ECLAT ANIMALIER\",\"description\":\"D\u00e9couvrez des \u0153uvres uniques de portraits animaliers faits main\",\"potentialAction\":[{\"@type\":\"SearchAction\",\"target\":{\"@type\":\"EntryPoint\",\"urlTemplate\":\"https:\\\/\\\/eclat-animalier.fr\\\/?s={search_term_string}\"},\"query-input\":{\"@type\":\"PropertyValueSpecification\",\"valueRequired\":true,\"valueName\":\"search_term_string\"}}],\"inLanguage\":\"fr-FR\"}]}<\/script>\n<!-- \/ Yoast SEO plugin. -->","yoast_head_json":{"title":"Dessin animalier","description":"D\u00e9couvrez des \u0153uvres uniques de portraits animaliers faits main: des dessins, des esquisses au fusain, aux feutres polychromes, au pastel...","robots":{"index":"index","follow":"follow","max-snippet":"max-snippet:-1","max-image-preview":"max-image-preview:large","max-video-preview":"max-video-preview:-1"},"canonical":"https:\/\/eclat-animalier.fr\/index.php\/koala-bienvenue-sur-le-site-eclat-animalier-portrait-animal-animalier-dessin-esquisse-fusain-sanguine-feutres-crayon-de-papier-crayon-pierre-noire-art-fait-main-oeuvre-unique-felin-gorille-ch\/","og_locale":"fr_FR","og_type":"article","og_title":"Dessin animalier","og_description":"D\u00e9couvrez des \u0153uvres uniques de portraits animaliers faits main: des dessins, des esquisses au fusain, aux feutres polychromes, au pastel...","og_url":"https:\/\/eclat-animalier.fr\/index.php\/koala-bienvenue-sur-le-site-eclat-animalier-portrait-animal-animalier-dessin-esquisse-fusain-sanguine-feutres-crayon-de-papier-crayon-pierre-noire-art-fait-main-oeuvre-unique-felin-gorille-ch\/","og_site_name":"ECLAT ANIMALIER","article_modified_time":"2025-02-20T20:50:30+00:00","og_image":[{"url":"https:\/\/eclat-animalier.fr\/wp-content\/uploads\/2024\/11\/koala-au-fusain-766x1024.jpg","type":"","width":"","height":""}],"twitter_card":"summary_large_image","twitter_misc":{"Dur\u00e9e de lecture estim\u00e9e":"1 minute"},"schema":{"@context":"https:\/\/schema.org","@graph":[{"@type":"WebPage","@id":"https:\/\/eclat-animalier.fr\/index.php\/koala-bienvenue-sur-le-site-eclat-animalier-portrait-animal-animalier-dessin-esquisse-fusain-sanguine-feutres-crayon-de-papier-crayon-pierre-noire-art-fait-main-oeuvre-unique-felin-gorille-ch\/","url":"https:\/\/eclat-animalier.fr\/index.php\/koala-bienvenue-sur-le-site-eclat-animalier-portrait-animal-animalier-dessin-esquisse-fusain-sanguine-feutres-crayon-de-papier-crayon-pierre-noire-art-fait-main-oeuvre-unique-felin-gorille-ch\/","name":"Dessin animalier","isPartOf":{"@id":"https:\/\/eclat-animalier.fr\/#website"},"primaryImageOfPage":{"@id":"https:\/\/eclat-animalier.fr\/index.php\/koala-bienvenue-sur-le-site-eclat-animalier-portrait-animal-animalier-dessin-esquisse-fusain-sanguine-feutres-crayon-de-papier-crayon-pierre-noire-art-fait-main-oeuvre-unique-felin-gorille-ch\/#primaryimage"},"image":{"@id":"https:\/\/eclat-animalier.fr\/index.php\/koala-bienvenue-sur-le-site-eclat-animalier-portrait-animal-animalier-dessin-esquisse-fusain-sanguine-feutres-crayon-de-papier-crayon-pierre-noire-art-fait-main-oeuvre-unique-felin-gorille-ch\/#primaryimage"},"thumbnailUrl":"https:\/\/eclat-animalier.fr\/wp-content\/uploads\/2024\/11\/koala-au-fusain-766x1024.jpg","datePublished":"2024-11-10T17:57:20+00:00","dateModified":"2025-02-20T20:50:30+00:00","description":"D\u00e9couvrez des \u0153uvres uniques de portraits animaliers faits main: des dessins, des esquisses au fusain, aux feutres polychromes, au pastel...","breadcrumb":{"@id":"https:\/\/eclat-animalier.fr\/index.php\/koala-bienvenue-sur-le-site-eclat-animalier-portrait-animal-animalier-dessin-esquisse-fusain-sanguine-feutres-crayon-de-papier-crayon-pierre-noire-art-fait-main-oeuvre-unique-felin-gorille-ch\/#breadcrumb"},"inLanguage":"fr-FR","potentialAction":[{"@type":"ReadAction","target":["https:\/\/eclat-animalier.fr\/index.php\/koala-bienvenue-sur-le-site-eclat-animalier-portrait-animal-animalier-dessin-esquisse-fusain-sanguine-feutres-crayon-de-papier-crayon-pierre-noire-art-fait-main-oeuvre-unique-felin-gorille-ch\/"]}]},{"@type":"ImageObject","inLanguage":"fr-FR","@id":"https:\/\/eclat-animalier.fr\/index.php\/koala-bienvenue-sur-le-site-eclat-animalier-portrait-animal-animalier-dessin-esquisse-fusain-sanguine-feutres-crayon-de-papier-crayon-pierre-noire-art-fait-main-oeuvre-unique-felin-gorille-ch\/#primaryimage","url":"https:\/\/eclat-animalier.fr\/wp-content\/uploads\/2024\/11\/koala-au-fusain.jpg","contentUrl":"https:\/\/eclat-animalier.fr\/wp-content\/uploads\/2024\/11\/koala-au-fusain.jpg","width":957,"height":1280},{"@type":"BreadcrumbList","@id":"https:\/\/eclat-animalier.fr\/index.php\/koala-bienvenue-sur-le-site-eclat-animalier-portrait-animal-animalier-dessin-esquisse-fusain-sanguine-feutres-crayon-de-papier-crayon-pierre-noire-art-fait-main-oeuvre-unique-felin-gorille-ch\/#breadcrumb","itemListElement":[{"@type":"ListItem","position":1,"name":"Accueil","item":"https:\/\/eclat-animalier.fr\/"},{"@type":"ListItem","position":2,"name":"Koala"}]},{"@type":"WebSite","@id":"https:\/\/eclat-animalier.fr\/#website","url":"https:\/\/eclat-animalier.fr\/","name":"ECLAT ANIMALIER","description":"D\u00e9couvrez des \u0153uvres uniques de portraits animaliers faits main","potentialAction":[{"@type":"SearchAction","target":{"@type":"EntryPoint","urlTemplate":"https:\/\/eclat-animalier.fr\/?s={search_term_string}"},"query-input":{"@type":"PropertyValueSpecification","valueRequired":true,"valueName":"search_term_string"}}],"inLanguage":"fr-FR"}]}},"_links":{"self":[{"href":"https:\/\/eclat-animalier.fr\/index.php\/wp-json\/wp\/v2\/pages\/387","targetHints":{"allow":["GET"]}}],"collection":[{"href":"https:\/\/eclat-animalier.fr\/index.php\/wp-json\/wp\/v2\/pages"}],"about":[{"href":"https:\/\/eclat-animalier.fr\/index.php\/wp-json\/wp\/v2\/types\/page"}],"author":[{"embeddable":true,"href":"https:\/\/eclat-animalier.fr\/index.php\/wp-json\/wp\/v2\/users\/1"}],"replies":[{"embeddable":true,"href":"https:\/\/eclat-animalier.fr\/index.php\/wp-json\/wp\/v2\/comments?post=387"}],"version-history":[{"count":23,"href":"https:\/\/eclat-animalier.fr\/index.php\/wp-json\/wp\/v2\/pages\/387\/revisions"}],"predecessor-version":[{"id":544,"href":"https:\/\/eclat-animalier.fr\/index.php\/wp-json\/wp\/v2\/pages\/387\/revisions\/544"}],"wp:attachment":[{"href":"https:\/\/eclat-animalier.fr\/index.php\/wp-json\/wp\/v2\/media?parent=387"}],"curies":[{"name":"wp","href":"https:\/\/api.w.org\/{rel}","templated":true}]}}